8). Let s = h - -275. List the prime factors of s.
2, 3, 5
Let g(v) = -11*v**3 + 7*v**2 - 10*v - 1. Let t be g(-7). What are the prime factors of -3 - (-4)/(36/t)?
2, 3, 7, 11
Suppose 82*t - 2848766 = 2392100. What are the prime factors of t?
63913
Let v = 19519 + -6590. What are the prime factors of v?
7, 1847
Let v(c) = -7*c - 2456. Let m(d) = 15*d + 4913. Let j(u) = -4*m(u) - 9*v(u). Let t be j(0). List the prime factors of (-52)/16 - -3 - t/(-16).
3, 17
Let l(f) = 17*f - 18. Let m(j) = -j**3 + 7*j**2 + 5. Let v(k) = k**3 + k**2 - k - 3. Let w be v(2). Let i be m(w). What are the prime factors of l(i)?
67
Let i = 2 + -6. Let n(o) = o + 3. Let k be n(i). Let v(u) = 49*u**2 - 3*u - 4. What are the prime factors of v(k)?
2, 3
Suppose -73*d = -4038 - 16475. List the prime factors of d.
281
Let c(y) = 3*y**2 - 8*y + 1. Let r be 1437/27 - (-2)/(-9) - -3. Let t = r + -49. List the prime factors of c(t).
2, 23
Let j(z) = 8*z + 66. Let v be j(-6). Suppose 663 + 543 = v*y. What are the prime factors of y?
67
Let m(h) = -73*h - 10 - 1 + 10*h - 9. What are the prime factors of m(-6)?
2, 179
Suppose 269*j - 3539223 - 1895727 = -16*j. What are the prime factors of j?
2, 5, 1907
Let a(j) = 40*j + 9. Let d(n) = n - 10. Let g be d(6). Let r = -2 - g. What are the prime factors of a(r)?
89
Let u(w) = 4*w**2. Let v = -2 - 16. Let q be (9/v)/(2/(-12)). What are the prime factors of u(q)?
2, 3
Suppose 0 = 157*d - 144*d - 39. Suppose -11 = 2*c - d, -4*m + 5*c = -1136. List the prime factors of m.
3, 31
Let k = -34 - -35. Let r(i) = 273*i + 1. Let q be r(k). Let j = -133 + q. List the prime factors of j.
3, 47
Let i(r) be the second derivative of -271*r**3/3 + 3*r**2 - 2*r - 15. What are the prime factors of i(-1)?
2, 137
Let z = -181 + 175. List the prime factors of (-4 - -3)/(0 - z/(-3606)).
601
Let j(l) = 19*l**2 - 235*l + 17. What are the prime factors of j(21)?
3461
Suppose 123286 = 42*x - 39*x - 4*q, 3*x = -q + 123266. List the prime factors of x.
2, 5, 7, 587
Suppose 192 = 20*x - 18*x. Let u = 405 - x. List the prime factors of u.
3, 103
Let v be (1 + 4/((-24)/9))*0. Suppose o + 1 = v, 5*q - 3*o = -4*o - 81. What are the prime factors of q/(-6)*33/4?
2, 11
Let u be 3280/(-14) - 24/(-84). Let i = -79 - u. Suppose l = 6*l - i. List the prime factors of l.
31
Let p be (3108/10)/((-8)/(80/(-3))). Let y = p - 607. What are the prime factors of y?
3, 11, 13
Let v = -171 + 174. Suppose 282 = s - v*d + 48, 0 = d + 3. List the prime factors of s.
3, 5
Let x = 3913 - 7486. List the prime factors of (x/((-81)/(-9)))/(-1).
397
Let t = 5277 + -1280. Suppose -y + 1997 = 2*f, t = 4*f + 7*y - 2*y. What are the prime factors of f?
2, 499
Suppose 4*t - 2*h = -14, -2*t = -2*h - 7 + 9. List the prime factors of (-256)/t*(-10 - 8)/(-3).
2
Let f = 13821 + -3664. What are the prime factors of f?
7, 1451
Suppose -256*y + 234*y = -54076. What are the prime factors of y?
2, 1229
Let w = -139 - -368. What are the prime factors of w?
229
Let f(w) = -39*w + 38. Let c = 120 - 116. Let a be f(c). List the prime factors of ((-3)/2)/(1/a).
3, 59
Let i = -6657 + 12080. List the prime factors of i.
11, 17, 29
Suppose 1656*h + 460538 = 1686*h - 593332. List the prime factors of h.
35129
Let h = 134 - 130. Suppose 838 = 5*s - h*x, 2*s - 2*x = -4*x + 346. What are the prime factors of s?
2, 5, 17
Let p(c) = c + 21. Let s be p(-16). Let g be 4 - (-21)/3 - 1. Suppose 3*h + g = s*h, 0 = -2*m + 5*h + 69. What are the prime factors of m?
47
Let p(k) be the first derivative of k**3/3 - 6*k**2 + 80*k + 7. What are the prime factors of p(16)?
2, 3
Suppose -2*m + 18350 - 3284 = -2*k, -m + 7553 = 3*k. List the prime factors of m.
2, 3769
Suppose 7*i + 4 - 39 = 0. Suppose 4*m = -3*c + 453, i*m - c - 211 = 379. Suppose -8*l + m = -771. List the prime factors of l.
3, 37
Let c(d) = 2*d**2 - 7*d + 4. Suppose 2*t - 10 = -0*t. Let v be c(t). Suppose 20*w - v*w = 175. What are the prime factors of w?
5, 7
Suppose 19*y + 7*y - 165542 = 0. List the prime factors of y.
6367
Suppose 0 = 76*g - 5*g + 87*g - 5445154. List the prime factors of g.
11, 13, 241
Let g = 313 - 318. What are the prime factors of -154*(-144)/(-160)*g/3?
3, 7, 11
Suppose 18*f = 15*f + 16*f - 18070. What are the prime factors of f?
2, 5, 139
What are the prime factors of (-244)/(-549) - 179483/(-9)?
7, 11, 37
Let h(w) be the first derivative of -11*w + 36 + 7/2*w**2 + 1/3*w**3. What are the prime factors of h(9)?
7, 19
Let u be 36/16*29 + 6/(-24). Suppose 0 = -v + u + 138. What are the prime factors of v?
7, 29
Suppose 0 = -y + 4, 0 = -2*s - y + 1236. Suppose 379 = q + 3*x, 4*x - 134 = -2*q + s. List the prime factors of q.
367
Suppose 5*m - 9430 = -a, -41*a - m = -44*a + 28210. What are the prime factors of a?
3, 5, 11, 19
Let b be -1 + 2 + (-4 - -6). Suppose -b*w + 105 = 3. Let p = 83 - w. List the prime factors of p.
7
Let j = 103687 + -55215. What are the prime factors of j?
2, 73, 83
List the prime factors of 1/4 - (10/(-205) - 14446960/2624).
2, 2753
Suppose -33 = 2*a - 95. Suppose 3*m = h + 754, -26*m + a*m - 5*h - 1270 = 0. What are the prime factors of m?
2, 5
Let g be -3*((-104)/20)/(3/5). Suppose g*t + 3 = 27*t. Suppose -5*n + 2*z - 57 = -198, -95 = -t*n - 4*z. List the prime factors of n.
29
Let t = 46 - -7. Let m = t + 14. Suppose 3*q - z - 181 = 0, 2*z + z = -q + m. What are the prime factors of q?
61
Let g = -22 + 2. What are the prime factors of 843*((-4)/g + (-10)/(-75))?
281
Suppose -130963 = -32*i + 19309. Suppose 0 = -55*a + 47*a + i. What are the prime factors of a?
587
Suppose 4 + 4 = -2*g. Let a(v) be the first derivative of v**3/3 - 5*v**2/2 - 8*v + 3. List the prime factors of a(g).
2, 7
Let m be (230/(-3))/(72/(-1188)). Suppose y + 2*l - 1 = 462, 1356 = 3*y - 5*l. Suppose m = 6*n - y. What are the prime factors of n?
7, 41
Suppose -5*a + 3*x + 67301 = 0, 0 = 2*a - 3*a - 5*x + 13477. What are the prime factors of a/7 + (-6)/42?
3, 641
Suppose -13*p = 1233 - 6147. Let b = p - 212. What are the prime factors of b?
2, 83
Let g = 732 + 2051. What are the prime factors of g?
11, 23
Suppose 0 = -3*g + 15, 0*g + 2008 = 3*z + 5*g. List the prime factors of 12*z/27 - 4/(-18).
2, 3, 7
Let z(v) = -v**3 - 30*v**2 - 47*v - 45. What are the prime factors of z(-31)?
3, 7, 113
Suppose 0 = 9*j - 511 - 1586. Let u = j + -17. List the prime factors of u.
2, 3
Suppose 87*t - 74*t = -91. Let h(d) = -5*d**3 - d**2 - 7*d - 42. What are the prime factors of h(t)?
7, 239
Let t(i) be the second derivative of 7*i**4/12 + 5*i**3/6 + 6*i**2 + 9*i. What are the prime factors of t(6)?
2, 3, 7
Suppose -2*j + 14284 = -2*x + 4*x, 0 = 2*j. List the prime factors of x.
2, 3571
Suppose 2*x + 4*d = 0, 0 = -6*x + 11*x + 4*d - 18. Suppose -3*k - x = 0, 3*y = -5*k + 875 + 531. List the prime factors of y.
2, 59
Let k be 1 + 100/(-70) + 73/7. Suppose -5*r = -m - 7 - 3, -2*m + k = 0. What are the prime factors of r?
3
Suppose -2*n = 1 - 5. Let r be -17 - 109 - (-6)/n. Let y = -47 - r. What are the prime factors of y?
2, 19
Let i(t) = t**2 - 39*t + 9. Let y be i(39). Let v(o) = -o**3 + 16*o**2 + 14*o - 18. List the prime factors of v(y).
3, 5
Let o(j) = 484*j**2 + 59*j - 118. What are the prime factors of o(2)?
2, 11
Suppose 128016 = 3*m + 5*v, 19*v - 42665 = -m + 15*v. List the prime factors of m.
42677
Let q = -81528 - -139383. List the prime factors of q.
3, 5, 7, 19, 29
Let v = -4 - -13. Let j(x) = 2*x - 18. Let f be j(v). Suppose 5*b - 5 = f, -3*m - m - b + 225 = 0. List the prime factors of m.
2, 7
Let m = -234 + 409. Let s = m - 440. Let d = -148 - s. What are the prime factors of d?
3, 13
Let x(g) = 2*g**2 + 10*g + 6. Let i be x(-12). Suppose 17*h = 16*h + i. Let o = h + -89. What are the prime factors of o?
5, 17
Let t = -23532 + 68155. List the prime factors of t.
44623
Let v(a) = 1561*a - 23. Let z be v(-1). Let r = -935 - z. What are the prime factors of r?
11, 59
Suppose -39 = -13*m - 0. List the prime factors of ((-14)/(-49) - 4476/(-14)) + m.
17, 19
Suppose 19*n = -17*n + 144. What are the prime factors of 5030/n + (77/(-14))/11?
3, 419
Suppose 0 = -4*d - 8*u + 4*u + 34856, -u = 4*d - 34838. List the prime factors of d.
2, 7, 311
Suppose -3*b + 4*y + 110687 = 0, 5563*y - 5562*y = -5*b + 184417. List the prime factors of b.
3, 5, 2459
Let g(s